2412 - 1?
-152413
In base 14, what is -1a0 - 2?
-1a2
In base 16, what is -368 + -1?
-369
In base 13, what is 5 + -12c7?
-12c2
In base 3, what is -1111 + 1?
-1110
In base 13, what is 3 + -121?
-11b
In base 6, what is -12 + 53?
41
In base 10, what is 13 + 116?
129
In base 15, what is 17 - 9?
d
In base 2, what is 1001010 - -11000?
1100010
In base 15, what is 435 - 5?
430
In base 11, what is 11 + 0?
11
In base 9, what is -3 + 133?
130
In base 11, what is 5 - -43a?
444
In base 9, what is 1 - -2281?
2282
In base 3, what is 0 - -112111?
112111
In base 14, what is 11 + 3?
14
In base 4, what is -1013123 + -3?
-1013132
In base 14, what is 4 + -221?
-21b
In base 8, what is -7 - -141?
132
In base 2, what is 1001 - 11101011?
-11100010
In base 14, what is 3 - 5a4?
-5a1
In base 14, what is -17 - a?
-23
In base 3, what is 1 - -1102011?
1102012
In base 6, what is 2 - 1153?
-1151
In base 7, what is 156 - 5?
151
In base 16, what is -2 + -94?
-96
In base 6, what is 2 - 205?
-203
In base 6, what is -2 - -43?
41
In base 14, what is b3 - 9?
a8
In base 6, what is 10 + 1431?
1441
In base 8, what is 404 - -5?
411
In base 12, what is -95 + -5?
-9a
In base 13, what is -3 - a3?
-a6
In base 15, what is -1974 - -5?
-196e
In base 2, what is -11111110 + -10?
-100000000
In base 7, what is -3 - 531?
-534
In base 10, what is -988 - 1?
-989
In base 14, what is -6d + 44?
-29
In base 9, what is 1 + -268?
-267
In base 11, what is 237 + 1a?
256
In base 8, what is -1064 + -32?
-1116
In base 11, what is -33 + 3?
-30
In base 11, what is 742 + -5?
738
In base 6, what is 1 - 1040?
-1035
In base 9, what is -1 - 217?
-218
In base 8, what is 0 - -26?
26
In base 13, what is 4 - -461?
465
In base 9, what is -4 + -181?
-185
In base 8, what is 73 - -11?
104
In base 5, what is 3 - -23111?
23114
In base 15, what is 3 + -1c3?
-1c0
In base 7, what is -5 - 232?
-240
In base 5, what is 1120403 - -1?
1120404
In base 3, what is -10201 + -1?
-10202
In base 8, what is -5 - -1204?
1177
In base 11, what is -7 - 129?
-135
In base 9, what is -3 - -264?
261
In base 10, what is 2388 + 0?
2388
In base 15, what is 35 + 13?
48
In base 10, what is 20 - 56?
-36
In base 3, what is -202 - 1100?
-2002
In base 4, what is 11 + 2120?
2131
In base 13, what is 287 - 6?
281
In base 15, what is d5 - 3?
d2
In base 16, what is 37d + 5?
382
In base 10, what is 5 - 162?
-157
In base 4, what is 1 + 10201?
10202
In base 6, what is -3 + -335?
-342
In base 16, what is -2 + -12?
-14
In base 5, what is 0 - 24?
-24
In base 12, what is -1 + 1650?
164b
In base 13, what is 2 - -5c?
61
In base 4, what is 232 - -2?
300
In base 15, what is -4 + -1c6?
-1ca
In base 12, what is 1056 - -2?
1058
In base 16, what is 6 + fe?
104
In base 13, what is 0 - 1c7?
-1c7
In base 12, what is 4 + 27?
2b
In base 7, what is 5 + 33?
41
In base 11, what is 12 + -4?
9
In base 2, what is -1011111 + -1?
-1100000
In base 14, what is 1 + -48?
-47
In base 15, what is 17 + 89?
a1
In base 14, what is 1ba - 8?
1b2
In base 2, what is -1100111011000 + -101?
-1100111011101
In base 2, what is -1111 + -110001?
-1000000
In base 2, what is -1 + -101100?
-101101
In base 13, what is 67 + -3?
64
In base 9, what is 10503 + 4?
10507
In base 6, what is 54 - -3?
101
In base 6, what is -224 - -21?
-203
In base 12, what is 805 + 2?
807
In base 12, what is 439 + 2?
43b
In base 4, what is -101 - 33?
-200
In base 12, what is 38 + -9a?
-62
In base 4, what is -1012 + -10?
-1022
In base 11, what is 8473 - 5?
8469
In base 9, what is 4046 + 0?
4046
In base 10, what is 3 - -76?
79
In base 7, what is 302 + -46?
223
In base 8, what is -4 + -660?
-664
In base 11, what is 5a - 15?
45
In base 13, what is 6a - -3?
70
In base 7, what is 631 - 4?
624
In base 13, what is -1677 - 0?
-1677
In base 5, what is -2444 - -1?
-2443
In base 11, what is 38 + -41a?
-392
In base 2, what is 1011000010 - -10?
1011000100
In base 14, what is 1ac - -4?
1b2
In base 15, what is 4 - 46?
-42
In base 2, what is 10000000001 - -101?
10000000110
In base 16, what is -2 + -18?
-1a
In base 7, what is -1 + 53?
52
In base 12, what is -5 + 238?
233
In base 13, what is 14 - c4?
-b0
In base 12, what is -1 - 5b2?
-5b3
In base 8, what is 34 - 2?
32
In base 13, what is -16a - -1?
-169
In base 10, what is 508 + -12?
496
In base 2, what is -10101000 + 0?
-10101000
In base 8, what is 2503 - 7?
2474
In base 16, what is 1 - -9?
a
In base 8, what is -30 + 270?
240
In base 11, what is 21 + -20?
1
In base 10, what is 2 - 0?
2
In base 3, what is -1 - -10010?
10002
In base 12, what is -51 + 6?
-47
In base 4, what is -3102 - 11?
-3113
In base 5, what is 0 + 1212?
1212
In base 13, what is 3a + 5a?
97
In base 11, what is 4 + -1290?
-1287
In base 4, what is -10132 - -11?
-10121
In base 6, what is 20 - 2051?
-2031
In base 6, what is 111 + -211?
-100
In base 3, what is 101220102 - -11?
101220120
In base 13, what is -50 - 48?
-98
In base 12, what is -1560 + 4?
-1558
In base 4, what is 12031 + 11?
12102
In base 13, what is 4 + -33?
-2c
In base 8, what is 72 - -1?
73
In base 5, what is 13422 - -2?
13424
In base 8, what is 1 + -441?
-440
In base 7, what is 4 - 11335?
-11331
In base 4, what is -103012 - 0?
-103012
In base 9, what is -65 + -20?
-85
In base 16, what is -f2 - -8?
-ea
In base 8, what is 2 + 372?
374
In base 4, what is 3 - -13300?
13303
In base 13, what is -3 + -230c?
-2312
In base 8, what is -4 - -1665?
1661
In base 15, what is -2b - 12?
-3d
In base 3, what is 2 - -12211?
12220
In base 9, what is 51 - -28?
80
In base 7, what is 203166 + 3?
203202
In base 16, what is -6 + d5?
cf
In base 14, what is 5 - -6?
b
In base 11, what is -16852 + 4?
-16849
In base 6, what is -2 - 351?
-353
In base 10, what is 61 + -1?
60
In base 2, what is -111110 + 101?
-111001
In base 4, what is -2 - 123131?
-123133
In base 15, what is -1d76 - -1?
-1d75
In base 7, what is 36 + -5?
31
In base 8, what is 35 + -771?
-734
In base 9, what is -347 - -2?
-345
In base 2, what is 111 - -100111111011?
101000000010
In base 5, what is 31 - 4214?
-4133
In base 15, what is 0 + -14c?
-14c
In base 10, what is -464 - -2?
-462
In base 6, what is -5 - 4?
-13
In base 16, what is -5 + -d5?
-da
In base 2, what is 0 + -1001111?
-1001111
In base 8, what is 7 + -375?
-366
In base 9, what is -1 - 27?
-28
In base 10, what is 309 + -3?
306
In base 14, what is 3 - 1a7?
-1a4
In base 9, what is 4417 - -2?
4420
In base 11, what is 4 - 678?
-674
In base 4, what is 220321 + 13?
221000
In base 14, what is 1 + 46?
47
In base 14, what is -274 - 5?
-279
In base 6, what is 221 - 103?
114
In base 4, what is -11020 + -1?
-11021
In base 10, what is -86 + -67?
-153
In base 10, what is -297 + -62?
-359
In base 8, what is -5 + 52?
45
In base 13, what is -10 + -21?
-31
In base 7, what is -5521 - -1?
-5520
In base 6, what is 12513 - -1?
12514
In base 3, what is -10011 + 2?
-10002
In base 9, what is 521 + -6?
514
In base 5, what is 10 - -23132?
23142
In base 2, what is 100100000 + -101010?
11110110
In base 4, what is 100300 + -11?
100223
In base 14, what is -3 - -85?
82
In base 13, what is -5a - -9?
-51
In base 8, what is -13 - 22?
-35
In base 8, what is 1 - -122?
123
In base 6, what is 0 - -455?
455
In base 4, what is -211 - 200?
-1011
In base 14, what is -c7d + 2?
-c7b
In base 5, what is 120012 - 1?
120011
In base 10, what is 50 - -45?
95
In base 15, what is -7473 - -2?
-7471
In base 14, what is -3 - 1a4?
-1a7
In base 14, what is 1b + -21?
-4
In base 2, what is 10110001 - -1111011?
100101100
In base 4, what is 0 - 21?
-21
In base 11, what is -9a - 2?
-a1
In base 7, what is -6 + -402?
-411
In base 13, what is -909 + -2?
-90b
In base 8, what is -1253 - 3?
-1256
In base 3, what is 2210 + -1?
2202
In base 16, what is -207 + -e?
-215
In base 14, what is 3 - 21a?
-217
In base 3, what is -2 - -212?
210
In base 8, what is 543 + -23?
520
In base 12, what is 445 + -4?
441
In base 15, what is -a + e?
4
In base 9, what is -2786 + -4?
-2801
In base 14, what is -19 - 5?
-20
In base 5, what is 41022 - 2?
41020
In base 8, what is 57 + -11?
46
In base 4, what is -100 - -1320?
1220
In base 5, what is -310 + -13?
-323
In base 6, what is -13 - -320?
303
In base 4, what is 3 + -1123?
-1120
In base 16, what is a0e + -2?
a0c
In base 15, what is -2 + 17d0?
17cd
In base 12, what is -1 + 5?
4
In base 7, what is 3 + 324?
330
In base 15, what